common divisor of 26 and b.
13
Suppose 350*c - 144 = 344*c. What is the highest common divisor of 1500 and c?
12
Let r = 2049 - 2039. Calculate the greatest common factor of r and 365.
5
Let o be 10/45 + 800/45. Calculate the highest common divisor of 14 and o.
2
Let t = -944 + 952. What is the greatest common factor of t and 512?
8
Suppose 2*w - 5*y = 25, -8 + 20 = 4*y. Calculate the highest common factor of 124 and w.
4
Let p = -107 - -62. Let r = -32 - p. What is the greatest common factor of 104 and r?
13
Let j(k) = 3 + 2*k**2 + 1 - 5*k**2 - 3*k + 2*k**2. Let y be j(0). Calculate the greatest common factor of 32 and y.
4
Let o be (2 - 0)/(5 - 1)*0. Suppose o = -j - 2*s + 18, 0*s + 5 = -s. Calculate the greatest common divisor of 84 and j.
28
Let l be (-28)/(14/133*-1). What is the greatest common divisor of l and 38?
38
Let z = 1773 + -1757. What is the highest common divisor of z and 3264?
16
Suppose 44*t - 42*t - 74 = 0. Let g = 47 - t. What is the greatest common divisor of 25 and g?
5
Let m(l) = -l + 5. Let t be m(6). Let k be (-20)/t*25/20. Let q be (-39 - -36)*3/((-18)/400). Calculate the highest common divisor of q and k.
25
Let x(u) = u**3 - 4*u**2 + 1. Let z be x(3). Let h be 2/z - 7/(-28). Suppose 0 = r - h - 15. Calculate the highest common factor of 135 and r.
15
Suppose -43 = -3*r + 17. Let i = r + -34. Let m = i + 25. Calculate the highest common divisor of 88 and m.
11
Let s(g) be the third derivative of g**6/120 + g**5/4 + 11*g**4/24 + 4*g**3/3 - 13*g**2. Let j be s(-14). Calculate the highest common factor of 20 and j.
10
Let b = -24 + 17. Let y = b - -17. Calculate the greatest common divisor of y and 20.
10
Let p(m) be the first derivative of 5*m**3/3 - 3*m**2/2 - 11*m + 2. Let c be p(5). Suppose -n + 4*n = c. What is the highest common divisor of 22 and n?
11
Let u = 942 - -81. What is the highest common factor of 66 and u?
33
Suppose 2*b - 196 = -3*r, 14*b + 2*r = 13*b + 98. Calculate the greatest common factor of 1274 and b.
98
Let x = 1502 + -1029. Let t = x - 305. What is the highest common divisor of t and 24?
24
Suppose -18*r + 14*r + 12 = 0. Let u be (-5)/2*8/(-10). What is the greatest common divisor of r and u?
1
Let b = 1298 + -1073. What is the greatest common factor of 90 and b?
45
Let t(p) = p**2 + 14*p - 48. Let s be (-3 + (-9)/2)/(6/16). Let k be t(s). Calculate the greatest common factor of k and 8.
8
Let f = -283 + 463. Suppose 5*m - 88 = 3*z, -2*m + 38 + 18 = 4*z. Calculate the greatest common factor of f and m.
20
Suppose 4*o = -2*y + 920, 5*y + o - 1784 - 471 = 0. What is the greatest common factor of 90 and y?
90
Suppose -d - 5*f + 4 = 0, 0*f + 12 = 3*d - 5*f. Suppose -1120 = -d*c - 3*c. Calculate the greatest common factor of c and 32.
32
Suppose 0 = -5*a - 4*f + 7, 4*f - 4 = -2*a - 6. Let g be a/(-6) + (-4)/(16/(-34)). Calculate the greatest common factor of 1 and g.
1
Let s = -10 + 12. Let f(h) = 30*h**3 - h + 2. Let y be f(s). Suppose 0*a - d = 2*a - 120, 4*a = 4*d + y. Calculate the greatest common divisor of a and 12.
12
Let f(k) = k**3 - 2*k**2. Let y be f(2). Suppose y = -4*v - 117 + 657. What is the highest common divisor of v and 15?
15
Let g = 1 - -16. Let y be 1788/15 - 5/25. What is the greatest common divisor of y and g?
17
Let h be (-2598)/(-13) - (24/52)/(-3). Let b = -68 + h. Let n = 15 - 3. What is the highest common factor of n and b?
12
Let m = 37 + 14. Let r = 576 + -168. What is the greatest common factor of m and r?
51
Let u(o) = -o**2 + 49*o - 272. Let b be u(29). What is the greatest common factor of 84 and b?
28
Let q = -97 + 121. Calculate the highest common divisor of q and 16.
8
Let o(x) = 4*x - 4. Let l(f) = -f**3 - 2*f**2 + 5*f + 10. Let j be l(-3). Let q be o(j). What is the highest common factor of q and 4?
4
Suppose -3*u - 1 - 5 = 0. Let m = u - -1. Let h be 10 - m - 0/(-5). Calculate the greatest common divisor of h and 88.
11
Suppose -3*g - 48 = -7*g. Let n(w) = -2*w. Let j be n(-5). Suppose d = j - 2. Calculate the highest common divisor of g and d.
4
Suppose 4*w + l + l = 174, 4*w - 173 = -3*l. What is the greatest common divisor of w and 187?
11
Suppose -125*s - 10 = -130*s. Calculate the greatest common divisor of s and 446.
2
Suppose -8*i + 8 = -6*i. Suppose i*x = 71 - 7. Calculate the highest common divisor of x and 40.
8
Let h = 81 - -34. Suppose -34 + h = 3*p. Let x = p - 20. Calculate the highest common factor of x and 14.
7
Let b(d) = -55*d + 329. Let q be b(5). What is the highest common divisor of 36 and q?
18
Suppose 0 = -3*y + 5*p + 4551, -25*p = -26*p. Calculate the highest common divisor of y and 37.
37
Let g = 1463 - 1199. Calculate the highest common divisor of 198 and g.
66
Let b = 491 + -185. Calculate the greatest common factor of b and 34.
34
Let j = -51 - -54. Suppose -3 = 2*b + 5, -28 = -3*y + 4*b. Suppose y*g - 28 - 20 = 0. Calculate the greatest common factor of j and g.
3
Let g be ((-60)/(-105))/(1/14). Let u be 58/8 + (-3)/12. Suppose b = u + g. What is the highest common divisor of 105 and b?
15
Let d(o) = 11 - 3 + 13 + 2*o - o. Let z be d(-9). What is the greatest common factor of 16 and z?
4
Suppose -4*n + 7 = -9. What is the greatest common divisor of 10 and n?
2
Suppose 5*a - 3441 = -1371. What is the greatest common divisor of a and 46?
46
Let c be 4/(-7) - (537/(-21) - 11). Calculate the highest common factor of 252 and c.
36
Let x = -839 + 890. Let b = 13 + 4. What is the highest common factor of x and b?
17
Let u be 2502/36 - 2/(-4). Calculate the greatest common factor of 42 and u.
14
Suppose -11 = -2*g + 5*f, -g + 5*f = 3 + 4. Suppose -g*m + 91 = -197. What is the highest common divisor of 4 and m?
4
Suppose 46*s - 539 = 59. Calculate the highest common factor of s and 65.
13
Suppose 2*i - 90 = -6. Suppose -4*o + 207 = -o. Let q = o + -41. Calculate the greatest common divisor of i and q.
14
Let f = 1046 + -749. What is the greatest common divisor of f and 165?
33
Suppose 0 = 11*a - 17*a + 192. Let f be ((-4)/10)/((-20)/9600). What is the greatest common divisor of f and a?
32
Let d = 2420 - 2410. What is the greatest common divisor of d and 290?
10
Let h(b) = -2*b + 28. Let o be h(13). Suppose o*z = 2*i, -3*i + 4*z - 2 = -0. Let a be (i/5)/((-4)/(-20)). What is the greatest common factor of 22 and a?
2
Let n = 807 + -639. Calculate the highest common factor of 98 and n.
14
Let w be 25*2/(-3)*(-1107)/82. Calculate the greatest common factor of w and 45.
45
Suppose -3*u + 50 = 2*d, 5*d - u - 84 = 7. Suppose -5 = 7*c - d. What is the greatest common divisor of c and 5?
1
Let k(v) = -v**2 - v + 6. Let i be k(2). Suppose i = l - 2*n - 13, -56 = -5*l + 4*n + 15. What is the highest common divisor of 165 and l?
15
Let h = 300 + -246. What is the highest common divisor of h and 243?
27
Suppose -98 + 17 = -3*o. Let m be 4/(-10) - 2/(-5). Suppose -l - 15 + o = m. What is the greatest common factor of 48 and l?
12
Suppose 5*j - 2276 = 4*u, -1892 + 521 = -3*j - 3*u. What is the greatest common divisor of j and 72?
24
Suppose 3*d - 200 = 163. Suppose -5*s - 2*a + 13 = 0, 21 = 5*s + 6*a - 2*a. Let x be (2/s + -4)*33/(-6). What is the highest common factor of d and x?
11
Let w(l) = 3*l + 20. Let c be w(-5). Suppose -3*h = f - 104, 5*f - 94 = 4*f - c*h. What is the highest common factor of 17 and f?
17
Let o(x) = 6*x - 3. Let y be o(1). Let u be 1/(-2)*-10 - -4. Calculate the highest common factor of u and y.
3
Suppose 7*o = 20 - 6. Calculate the highest common factor of 26 and o.
2
Let i(c) = 4*c**3 - 3*c**3 - 15*c - 14 + 15*c**2 + 32. Let a be i(-16). Calculate the highest common factor of a and 10.
2
Let r = 52 - 35. Let v be r + -13 + (1 - -32). What is the highest common divisor of 74 and v?
37
Suppose -22*x + 91*x - 1104 = 0. Calculate the greatest common factor of 26 and x.
2
Suppose -46 = -3*m + g, 4*g - 105 = -6*m + m. Let u = 81 + -13. Calculate the highest common divisor of u and m.
17
Let d(b) = 10*b**2 - 2*b. Let s be d(2). Let o(m) = 2*m**3 + 2*m**2 - 2*m - 1. Let w be o(2). Let c = w + -10. Calculate the greatest common divisor of c and s.
9
Suppose -2*w - 26 = -34. Suppose -q + 4*y = -133, -5*q - w*y - 266 = -7*q. Calculate the highest common divisor of 7 and q.
7
Let d(q) = -9*q**2 - 16*q - 3. Let p(z) = -5*z**2 - 8*z 